 (-8 - (7 - 5))?
-89
Calculate 7 + -21 - (-98 + (-6 - -22) - 25).
93
Calculate -8 + (-8 - (-54 + (4 - 2) - (-156 - -146))).
26
What is the value of 0 + -1 + 48 + (-38 - (-49 + 86 - 75))?
47
226 + -288 + -2 + (3 - (10 - 6))
-65
(1 - (-5 + 0 - (0 - 45))) + (130 - 137)
-46
What is (-19 - ((-18 - (-7 - 6)) + -8)) + -39?
-45
-6 + -4 + (119 + 21 + (0 - -5) - -8)
143
What is (13 + 0 - 27 - 60) + 2 + 11?
-61
What is (6 - 0) + -32 + 10 + 47?
31
What is -64 + -43 + 114 + -61?
-54
What is the value of -52 + -9 + 5 + (3 - -15) + 0 + -16?
-54
-19 + 57 + -13 + -6 + -17
2
Calculate 8 + -9 + 6 - -3 - (-179 + 223).
-36
What is (-32 - -6) + (-5 - 6) + 9 + (12 - 4)?
-20
What is the value of (-51 - 3) + 31 - -22?
-1
Calculate -5 + (2 + -11 - (14 + -13 - -3)).
-18
What is -56 + (-37 - (56 + -97))?
-52
What is the value of -8 + ((-1 - -3) + (-241 - -214) - 13)?
-46
(-48 + -110 + 98 + 10 + 1 - -5) + -9
-53
Calculate -1030 + 1009 - (14 + 1 + -3) - -2.
-31
What is (1 - (-17 - 2)) + (-28 + 8 - -8)?
8
Evaluate -2 - 67 - (-219 + 199) - 19.
-68
Calculate -9 + (-39 - 12 - 21) - 28.
-109
Calculate -1 + -32 + 359 + -509 + 195.
12
Calculate 7 + 71 + -79 + 44.
43
What is -16 - (-65 - (-9 - (-1 - (4 - -6))))?
51
Evaluate (90 - -1) + (306 - (-137 - -410)).
124
6 + -1 + (16 - 17) - (-5 - -10) - 27
-28
What is (-35 - -43) + (-31 - -25)?
2
Evaluate -138 - (-154 - -25) - (0 - 1).
-8
What is -22 + -14 + -12 + 47 + -4 - -64?
59
Calculate -427 - -449 - (-4 + 75).
-49
Calculate 27 + (17 + -6 - (-15 + 13 + 12)) + 3.
31
What is the value of 36 + -34 - (4 - (-10 - -13))?
1
What is the value of 8 + 33 - ((4 - -34) + -25)?
28
48 + 9 + (-6 - (83 + -86 - (-1 - -2)))
55
What is 52 + (0 - 14) + (-19 - -19) + 13?
51
What is the value of -5 + -7 + (-1 - (1 + -6) - -6) - -60?
58
Calculate 8 + 8 - 6 - 10 - ((5 - 27) + 95).
-73
5 - (-5 + 3 - -31 - (334 - 326))
-16
What is (36 - -24 - 42) + -15 + 4 + -2?
5
Calculate 0 + (-13 - 4) - -24.
7
Evaluate (-65 - -92) + -1 + (-5 - 16) - 53.
-48
What is 27 - (35 + 12 + -10)?
-10
Calculate 121 + (25 - 170) + (0 - 15).
-39
Evaluate -244 + 233 + (1 - 3) + 1 + -13.
-25
What is the value of -3 + (1214 + -1296 - ((3 - -10) + 0 + -2))?
-96
What is the value of (2 + -41 - -19) + 15 + (1 + -6 - -1)?
-9
16 + 3 + (13 - (12 + -4)) + -13
11
Evaluate 27 + -3 + -325 + 387 + -24.
62
What is the value of 9 - 1 - (-17 + (-8 - (-78 + -22)) - -13)?
-80
Evaluate 0 + 1 - (-447 + 422 - (-24 - 2)).
0
-50 + (-10 - (12 - -12)) + (21 - 9)
-72
What is 60 - (-1 - (-5 + 0 - (72 - 98)))?
82
What is the value of (-35 - 26) + -11 + 29?
-43
What is the value of 91 + 20 + -59 - 77?
-25
What is the value of -20 - (92 + -79 - 32)?
-1
What is (17 - (-25 + -4 - 5)) + -2 + -12?
37
Evaluate -15 + (-3 + 15 - (-55 + 53)) - 71.
-72
5 + 3 - ((52 - 25) + -3)
-16
74 - (-41 - -82) - 58
-25
What is the value of (37 + -15 - -10) + (0 - -14) + 5?
51
(-116 - (46 + -183)) + (45 - -1)
67
Evaluate 440 + -432 + (-6 - (-5 + 6 + -7) - -6).
14
What is -72 + 65 + -64 + 29 + -10?
-52
-6 - (10 + (14 - 32 - -14 - 50))
38
Calculate -66 - (137 - (228 - 77)).
-52
Evaluate -20 - ((67 - 48) + 0).
-39
127 + (-17 - -37 - 10 - 6 - 20)
111
What is the value of 17 - 77 - (-2 - (-7 - 6)) - (-14 + 2)?
-59
Evaluate 48 + (-7 + -15 + 1 - -1) + -22.
6
Evaluate (13 - -21) + 9 + 0 + 49 + -42 + -5.
45
(-2 - (20 - 0)) + (-79 - -25) + (10 - -38)
-28
Evaluate -22 - (-19 + 22 - 32) - (-37 - 3 - -1).
46
47 + (59 - (41 - 19)) + -2
82
Evaluate (-28 - (18 - 35)) + 48.
37
98 + (-27 - (1 + -2 - 4))
76
Evaluate (57 - 1) + (-9 - 41 - -46) - 1.
51
59 + (-6 + 11 - ((1 - 13) + (-26 - -31)))
71
-7 + (0 - (-12 + (-6 - (-3 + -7)) - 3))
4
Calculate (-48 - (-3 + 0 - -1)) + -262 + 256.
-52
What is 15 + (20 - (9 - (-12 - -3)))?
17
91 + -5 - (-13 + (2 + -13 - -37))
73
What is (38 - (-27 + 28)) + (13 - -13)?
63
(28 - 23) + 162 + -173
-6
What is the value of -97 - (-104 + -14 + 62)?
-41
Evaluate 1 + -119 - -23 - ((0 - 19) + 138 + -128).
-86
What is the value of (-42 + 97 - 69) + (-2 - 1)?
-17
What is the value of -2 - 17 - (9313 + -9454)?
122
What is the value of 1 - (-38 + 34) - -43?
48
Calculate -54 - ((-7 + 2 + -2 - -17) + -10).
-54
Evaluate 4 - 10 - (31 - 85).
48
(-14 - -42) + -23 + 0
5
Evaluate 2 + (52 - 22) + -85.
-53
Evaluate (10 - 2) + (13 + -5 - (12 + (-30 - -15))).
19
What is the value of (-54 - -60) + -3 + -36 + (-6 - -4)?
-35
What is the value of -1157 - -1065 - (-5 - (0 + -5 + 20))?
-72
What is the value of (-38 - ((-6 - 7) + -15)) + (-3 - -1 - -33)?
21
Evaluate (-1 - -23) + -1783 + 1722.
-39
-44 + (-49 - -61) - 49
-81
-64 + -51 + 151 + 67
103
Evaluate 19 - (30 - (33 - 20)) - (-6 - -2).
6
Calculate -9 + 19 + -22 - -1 - (1 + 18).
-30
Evaluate (7 - 31) + -2 + 16 - 39.
-49
-513 + 602 + (-2 - (12 - 5 - -1 - -1))
78
What is the value of (-35 - -3) + 35 - (-4 + 5) - 49?
-47
(7 - (-5 + 6) - (8 - -1)) + -34
-37
11 + (17 - (-28 - 27)) - (-1 + (11 - -1))
72
-21 + (-20 + 23 - 25 - -64)
21
What is the value of -22 - (20 - 11) - -11 - -9 - -28?
17
What is the value of -126 + (-84 + 199 - 45)?
-56
Calculate (56 - 10) + (-4 - -6) + -2 - 5 - -5.
46
What is -19 + (5 - 8) + -9?
-31
What is -1 - 21 - (-9 + 48 - (673 + -682))?
-70
What is the value of -7 - ((7 - 12 - 18) + -29 + 37)?
8
What is the value of (19 + (0 - (-13 + 27)) - -133) + -22?
116
What is 15 + 5 - (7 + (26 - -40))?
-53
What is the value of -27 - (-3 + -2 + 5 - (-121 + 132))?
-16
What is (10 + 0 - -4) + -8 + -8 - 20?
-22
What is the value of 27 + 1 + (17960 - 18083)?
-95
Calculate 188 + -187 + -75 + (-6 - (-6 - 4)).
-70
-5 - (2806 + -2723 + (0 - 1 - 15))
-72
What is the value of 2 + 6 + 18 + 3 - (6 - (-2 - 4))?
17
What is -66 + -26 - (-3 - 15 - (10 + -28))?
-92
12 + 13 + -90 + 19
-46
(-56 - (-53 - (69 + -54))) + -98 + (1 - -1)
-84
Calculate (-42 - -11) + (-13 - -6).
-38
Evaluate 40 - 3 - (73 - 48).
12
Evaluate 62 + (14 - -1) + 62 + 63 + -124.
78
What is the value of (-12 - (-2 + 2 + -2)) + (-3688 - -3695)?
-3
Evaluate -18 - (62 + (-32 - 35)).
-13
What is the value of 26 + (-15 - 7) + (-1 - 13) + 69?
59
Evaluate (-1 - 12) + (43 - (38 + -16)) - 72.
-64
Calculate 10 + 72 + 46 + -4 + -34.
90
Evaluate -46 - ((-1 - (-7 + 17)) + -1 + 1).
-35
What is the value of -55 + 87 + -6 + (-6 - -2) + 18?
40
-7 + -2 + (-12 - -24 - -36 - 16)
23
Evaluate 122 - (-96 + 90 - (-4 + 1 + -2 + 7)).
130
Evaluate 15 + (-86 - -53) + (-1 - -11).
-8
Calculate 71 - (-9 - ((18 - (-7 - -7)) + -43)).
55
What is 24 + (-5 + -2 - -8)?
25
What is the value of -8 + (-31 - (-94 - -11)) + (11 - -1)?
56
What is (9 - -5) + -6 - (21 + -21) - -13?
21
Evaluate -73 + -11 + -14 + 22 + -3.
-79
What is the value of -52 + -3 + 12 + -45?
-88
What is (-164 - -61) + (5 - (-12 + -5) - 9)?
-90
Evaluate (44 - (-44 + 62 - -36)) + -103.
-113
What is the value of 2873 - 2695 - (46 + 2 + -1)?
131
Evaluate 14 + -1 + 13 + -24 + 12 + 14 + -16.
12
-43 + 3 + -6 + 12 + (-5 - 4)
-43
What is 12172 + -12195 + (2 + -4 - -56)?
31
What is (0 + 8 - -1) + -23 + 110 + -61?
35
Evaluate -13 + (0 - 0) + 165 + -190.
-38
Calculate 27 + 0 - (106 - -31 - 64).
-46
Evaluate 138 - 7 - (15 - (16 - (-12 - -14)) - 4).
134
What is the value of 14 + 31 + -30 + 30?
45
What is the value of -7 + 43 + -64 + 3 + 1 + -19?
-43
Evaluate -39 - -41 - ((-1 - 2 - -42) + 1).
-38
Evaluate 13 - (10 + 7 + -9) - (-9 + -8 + 5).
17
What is the value of -124 + 131 - (-9 - (-3 - -8))?
21
Evaluate -29 + 9 + -58 + -1.
-79
-27 - (74 + -106) - -56
61
Calculate 8 + -1 - (119 + -11 + -83).
-18
Calculate -35 - (-103 + -37 + 12 + 4).
89
What is -10 + (-139 + 115 - (1 - 19) - (54 + 1))?
-71
What is (-8 + (-86 - -90) + 2 + 0 - 12) + 64?
50
Calculate (7 - (1 + 2 - (-107 - -95) - -5)) + -2.
-15
What is the value of -4 + 7 - 56 - -49?
-4
What is the value of (-20 - 29) + (-9 - (21 + -9 + -32) - -3)?
-35
Evaluate (-3 - 20) + (-511 - -537) + 20.
23
Calculate -26 - (34 + 6 - 33) - 42.
-75
What is the value of 206 + (-202 - (79 - 165))?
90
(-200 - (125 + -405)) + (-1 - -11)
90
Calculate 93 + -12 - (18 + 30).
33
Calculate -3 + -40 + 36 - -40.
33
Calculate -61 + 71 + (-11 - -2 - 9) + (34 - -2).
28
Evaluate 22 - (23 + -16 + -21 - -24).
12
17 + -8 + -33 + (-17 - (4 - (-9 + 22)))
-32
Calculate 1016 + -1011 + (0 + -10 - 0) + -1 + 6.
0
What is (1 - 4 - -2) + -6 + 19 + 3 + -31?
-16
Calculate 99 + -104 - (21 - 5).
-21
What is the value of (